 - w. What is the highest common divisor of 133 and j?
19
Let g = -10 + 47. Let v = -19 + g. Let q(c) = -13*c - 4. Let z be q(-1). Calculate the highest common divisor of z and v.
9
Let w be -1 + (-870)/(-8) + (-41)/(-164). Suppose w*v - 648 = 99*v. Calculate the highest common divisor of v and 126.
18
Suppose -2*z = 5*z - 42. Let n be (z + (-5 - -4))/1. Suppose 0 = 3*w - n*w + 26. What is the highest common factor of w and 104?
13
Let r = 211 - 141. Let w be ((-378)/(-22) - 12/66) + -2. Suppose 4*d - 25 = w. What is the greatest common factor of r and d?
10
Let j(d) = 51*d - 133. Let q be j(4). Calculate the greatest common divisor of 923 and q.
71
Let n = 41 + -15. Let g = 40 - n. Let o(h) = 27*h - 8. Let k be o(6). What is the highest common factor of k and g?
14
Let r be 33/(-15) + 2 + (-42)/(-10). Suppose k - 96 = 5*w, -r*w = -2*k - 46 + 214. What is the greatest common factor of k and 57?
19
Let l(u) = -6 - 2 + 5 - 6*u**2 + u**3 + 6*u. Let w be l(5). Suppose -5*c + 50 = -w*h, 30 = 3*c - h + 4*h. Calculate the highest common divisor of c and 5.
5
Suppose c + 44*b - 43*b = 1599, -10 = 2*b. What is the greatest common divisor of 16 and c?
4
Suppose -2*v + 12388 - 8736 = 0. What is the highest common factor of 22 and v?
22
Let r(w) = 2*w**2 + 37*w + 13. Let v(b) = -2*b**2 - 36*b - 13. Let k(o) = 5*r(o) + 6*v(o). Let m be k(-13). What is the highest common divisor of m and 4?
4
Suppose -4*v = -g + 48, -2*g = g + 2*v - 74. Let a be -9 + -12*27/(-36). Suppose a = 9*x - 7*x - 8. Calculate the greatest common factor of x and g.
4
Let a = 15739 - 15427. Calculate the greatest common factor of a and 648.
24
Suppose -3*v = -3*b - 142 - 29, -5*b = 4*v - 183. What is the highest common factor of v and 1157?
13
Let x = -23708 - -24122. What is the highest common factor of x and 144?
18
Suppose -627*v + 628*v + 4*z = 6, 5*z + 10 = 0. Let k be (-13)/(-3) + 14/21. Suppose -k*o + 0*o + 490 = 0. Calculate the highest common divisor of o and v.
14
Let b = 322 - 175. Suppose -b = 40*z - 587. Calculate the highest common factor of 88 and z.
11
Let b be (25/10)/((-1)/(-2)). Let g be (22 - -1) + -31 + 33. What is the greatest common divisor of b and g?
5
Let d = -9890 + 10234. What is the greatest common divisor of 2709 and d?
43
Let c(u) = 14*u + 360. Let o be c(-24). What is the greatest common divisor of 1256 and o?
8
Suppose 4*k = -5*b + 385, 3*b + 17 - 8 = 0. Let z be k - 2 - 4*2. What is the highest common divisor of 60 and z?
30
Suppose 7*r - i - 361 = 0, -39231*i = -3*r - 39236*i + 133. Let u(y) = y**3 - y**2 - y + 6. Let a be u(0). What is the greatest common factor of a and r?
3
Let o = 85 + 190. Suppose -558*v = -557*v - o. Calculate the greatest common factor of 25 and v.
25
Suppose -15 - 9 = -2*z. Let v(o) = -2*o**2 + 46*o + 47. Let x be v(20). Let l = x - 119. What is the highest common divisor of l and z?
12
Let p be 4/1 - 4/4. Suppose -5*u - 3*y + 575 = -8*y, 353 = p*u + y. What is the greatest common divisor of u and 36?
9
Let y = -6389 + 6524. Calculate the highest common divisor of 972 and y.
27
Let m be (-588)/(-13) + 3/(-13). What is the highest common factor of 600 and m?
15
Let a be (-122 - 2)*(-3 + (-15)/(-6)). Suppose 55*g = a*g - 672. What is the highest common factor of 18 and g?
6
Let l(z) = z**3 + z**2 - 10. Let v be l(2). What is the highest common factor of v and 6658?
2
Let d be (76/(-95))/(-3 - 51/(-15)). Let a be (d/5)/((-16)/40). Calculate the highest common divisor of a and 74.
1
Suppose 29*b = 39*b + 180. Suppose -5*r = -2*j - 92, 2*r + 2*j - 35 = j. Let a = r - b. Calculate the greatest common factor of a and 4.
4
Suppose 0 = -n + 3*n - 120. Suppose 13020 = -16*b + 44*b + 34*b. Calculate the greatest common divisor of n and b.
30
Suppose 4*g = -i + 90, 580*i - 96 = -3*g + 584*i. What is the greatest common factor of g and 3576?
24
Suppose 54*d - 13090 = 36*d - 220*d. What is the greatest common factor of d and 935?
55
Let x(y) = 279*y + 3008. Let f be x(101). What is the highest common factor of 13 and f?
13
Let k(p) = 2*p + 68. Let a = -237 - -243. Let i be k(a). Calculate the highest common factor of 30 and i.
10
Let j be 345/230 + (-18)/4. Let d be 10783/41 + (j - 1). What is the greatest common factor of 111 and d?
37
Suppose -24*b + 1560 = 26*b - 24*b. What is the highest common divisor of 64 and b?
4
Let z = 6678 + -2655. Calculate the highest common factor of 54 and z.
27
Let m(r) = 4*r + 36. Suppose w = 5*v + 18, 198 - 30 = 4*w + 4*v. Let o be m(w). What is the highest common divisor of 235 and o?
47
Let h(q) = -q + 71 + 0*q - 43. Let w be h(-6). Suppose -24 = -37*l + w*l. What is the highest common divisor of l and 1?
1
Let b be 3 + 32/(-11) + 3/(33/1946). Calculate the highest common divisor of b and 18.
3
Let d(s) = -4*s**2 - 95*s - 12. Let y be d(-21). Calculate the greatest common divisor of y and 1095.
219
Let x(p) = p**3 - p**2 - 6*p - 1. Let w be x(6). Let b = 729171 + -729132. What is the highest common factor of w and b?
13
Suppose -4*g + 139952 = 4*l, 19787 = l - 4*g - 15191. What is the greatest common divisor of l and 102?
102
Let t = 47 + -32. Suppose -13*x + t*x = 22. Suppose -12*p + 3 = -x*p. Calculate the highest common divisor of 33 and p.
3
Let y be ((-348)/(-22) + -16)*11/(-2). What is the greatest common factor of 153 and y?
1
Let z = 5110 - 4750. Calculate the greatest common divisor of z and 380.
20
Suppose l + 12 = 2*x, -8 = 3*l + 2*x - x. Let z be (-6554)/(-203) - l/(-14). Calculate the greatest common divisor of z and 16.
16
Suppose 0 = 5*g - 5*c + 2*c - 16282, 4*g - 13052 = -2*c. What is the highest common factor of 40 and g?
20
Suppose -d - 1 = 3, 5*d + 74 = 2*q. Suppose -2*x + 196 = -4*a, 2*a - 565 = -5*x - 3*a. What is the greatest common factor of q and x?
27
Suppose -2083*p + 7956 = -2066*p. What is the highest common factor of p and 260?
52
Let a(j) = -8*j - 117. Let o be a(-14). Let l be 417 - (o + 6)*1. What is the greatest common factor of 64 and l?
32
Let h(s) = -5*s + 75. Let m be h(14). Let f be (4 - 8) + (1 - -4) + m. Calculate the highest common divisor of 27 and f.
3
Let k = -13490 - -13546. Let y(h) = 3*h**2. Let r be y(1). Suppose -k = -l - r*l. Calculate the highest common factor of l and 7.
7
Suppose 2*r = -n + 5*r - 17, -2*r = 6. Suppose -5*h + 132 = -103. Let w = n + h. Calculate the highest common factor of w and 7.
7
Let f = -111 + 113. Suppose 3*m - 4 = f. Let n = 9 - 3. Calculate the greatest common divisor of m and n.
2
Let z be ((-948)/20)/(14/(-70)). Calculate the highest common factor of 316 and z.
79
Let r = -99 - 109. Let j = 324 + r. Calculate the greatest common factor of 4 and j.
4
Suppose 127*l = 16*l + 74370. What is the greatest common factor of l and 1876?
134
Let h be (-112)/(-63) - (-4)/18. Let c be (78/30 - 1)*30. Let f = c + -26. What is the greatest common factor of h and f?
2
Suppose 102 = s - 4*y, 5*s + 20*y - 558 = 16*y. Suppose -5*w - 3*u = -2472, -15*w - 5*u + 1480 = -12*w. What is the highest common factor of w and s?
55
Let t be 198/1881 - (-424610)/19. Calculate the greatest common divisor of t and 148.
148
Let f = -316 - -336. Suppose 0 = -5*x + 21 + 39. What is the greatest common factor of f and x?
4
Let m = 1448 + -1140. What is the highest common factor of 484 and m?
44
Suppose -1397 - 693 = -5*t. Suppose 803*p + 626*p + 9737 - 70281 = 53*p. What is the highest common divisor of t and p?
22
Let c = 842 - 592. Suppose -5*q = 5*s - 625, -2*s + 5*q + 0*q + c = 0. Calculate the greatest common divisor of 75 and s.
25
Let n(h) = 4*h + 194. Let p be n(44). Let i = -349 + p. What is the highest common factor of 56 and i?
7
Suppose -7*f = 11*f - 3168. Suppose -m + 12*m - f = 0. Calculate the greatest common divisor of 136 and m.
8
Suppose -6*z - 108 = 4*d - 2*z, 3*d = -5*z - 83. Let i = d - -35. Calculate the greatest common divisor of 153 and i.
9
Suppose -2*j - 3*d + 2*d = -217, 4*j = -3*d + 439. What is the greatest common factor of j and 5194?
106
Suppose -52*j + 45*j + 3177 = -6231. What is the greatest common factor of j and 1056?
96
Let v = 293 - 296. Let o(j) = 76*j + 240. Let b be o(v). Calculate the greatest common factor of b and 60.
12
Let w = 140 + -131. What is the greatest common factor of 71 and w?
1
Let q be (-14 + (-10 -